(3*218/6)/1?
9
Let p(z) = z**3 + 4*z**2 - 6*z + 6. Let a be p(-5). Suppose -36 = i + 4*q - 13, -2*q + a = -i. What is the units digit of -1*(3 - 0) - i?
2
Suppose 0*r + 65 = 5*r. Suppose 4*h - 11 - 2 = -3*g, 2*h = 5*g - r. Suppose -s - h = -4. What is the units digit of s?
3
Let w = 171 - 96. Suppose -2*i = u - w, 60 = 2*i + 2*u - 12. What is the units digit of i?
9
Suppose 2*n + 5 + 5 = 0. Let u = 12 + n. What is the units digit of u?
7
Let g = 101 - 25. What is the units digit of g?
6
Let v(k) = -k**2 - 15*k + 8. Let f(n) = n - 1. Let b(w) = w**2 - 3*w + 2. Let l be b(4). Let s(y) = l*f(y) + v(y). What is the tens digit of s(-8)?
1
Let k be -1*(-6)/15*10. What is the units digit of (-1)/k - 63/(-12)?
5
Suppose 2583 = -59*c + 66*c. What is the hundreds digit of c?
3
Let s be -2*((-9)/(-6) - 3). Suppose l - 5*n = -8, -4*n = -11 + s. Suppose 3 = l*k - 1. What is the units digit of k?
2
Let k(x) = -x**3 - 5*x**2 + 10*x + 1. Let m be k(-7). Suppose 3*y - m = -2. What is the units digit of (-4)/(-6) + 120/y?
4
Let s(z) = -z - 1. Let w(t) = 3*t + 5. Let p(c) = 2*s(c) + w(c). Let l be p(-3). Suppose l = h - u - 7, 2*h = -2*h - u + 3. What is the units digit of h?
2
Let v = 21 + -12. Let q(x) = x + 10. What is the tens digit of q(v)?
1
Let y(i) = i - 1. Let s(r) = -4*r + 30. Let w(q) = s(q) + 3*y(q). Let o be w(0). Let j = -12 + o. What is the units digit of j?
5
Let w be (-7 + 1)*(-4)/6. Let f be 0/(-1) + w + -3. What is the units digit of (f - -4) + 0 + 3?
8
Let f(o) = o**2 + 2*o - 12. Let i be f(-5). Suppose u - 49 = -p - 4*p, -2*u = -i*p + 19. What is the units digit of p?
9
Suppose 111 + 53 = 4*f. Let j = -26 + f. What is the units digit of j?
5
Let v(k) = 2*k**2 - 4*k - 16. What is the units digit of v(8)?
0
Suppose 9*z = 10*z - 323. What is the tens digit of z?
2
What is the hundreds digit of -2*3/18 + 939/9?
1
Suppose -5*n + 15 = 5*r, -4*r + 7 = -2*n - 5. Let x be (n - 0)/(4 + -3). Let z = x - -2. What is the units digit of z?
2
Let y(s) = 8*s. Let b(g) = -9*g - 1. Let m(o) = -3*b(o) - 4*y(o). What is the units digit of m(-5)?
8
Let c(w) be the third derivative of -1/6*w**3 - 2*w**2 + 1/24*w**4 + 0 + 0*w. What is the units digit of c(2)?
1
What is the tens digit of (-4)/18 - 3544/(-72)?
4
Let m be (4 - 3)/(2/2). Let s be 108/8 + m/(-2). Let f = s - 8. What is the units digit of f?
5
Let f(v) = -2*v**3 + 2*v**2 + v - 3. Let c be f(-6). What is the tens digit of (c/(-22))/((-1)/2)?
4
What is the tens digit of -2 - (-45 - -2) - 3?
3
Let f be 154/35 - 4/10. Let z be (-1)/(-9)*3*3. Suppose z = f*g - 19. What is the units digit of g?
5
Suppose -d + 32 = -4*w, 5*d - 160 = -3*w + 7*w. Let y = -19 + d. What is the tens digit of y?
1
Let o = 3 + -4. Let t = 3 + o. What is the units digit of t?
2
Let d(f) = f**3 - 5*f**2 - 14*f + 45. What is the tens digit of d(10)?
0
Let c(z) = 3*z**2 + z. Let q be c(-1). Suppose -q = a - 4. What is the units digit of a?
2
Let y(b) = -b**3 + 12*b**2 + 16*b - 3. What is the units digit of y(13)?
6
What is the units digit of 7/(((-4)/(-14))/2)?
9
Let r be (0 - (-2)/(-3))*-18. Suppose 3*g + 6*f = 4*f - 4, -4*g = f + r. Let a = g - -7. What is the units digit of a?
3
Let n(a) = -5*a - 2*a**2 - 4 - a**3 + 2*a**3 + 5. What is the tens digit of n(4)?
1
What is the tens digit of 326/10 + (-14)/(-35)?
3
Suppose 4*a - 52 = 4*c, 3*a + 4*c - 4 - 7 = 0. Let i = -7 + a. What is the units digit of i?
2
Let v = 302 + -80. What is the hundreds digit of v?
2
Let o be ((-162)/(-15))/(12/30). Let u = -17 + o. What is the tens digit of u?
1
Suppose -2*o - 4 = -4*o. Let n = 3 - o. Suppose 0 = 2*j - n - 3. What is the units digit of j?
2
Let p(b) = 48*b**2 - b - 1. What is the tens digit of p(-2)?
9
Suppose 9*v + 12 = 11*v. What is the units digit of v?
6
Let c = 18 - 15. Let s(r) = 6*r**2 - 3*r - 3. What is the tens digit of s(c)?
4
Suppose -a - 25 = -6. Let w = a - -10. What is the units digit of 12/w*3/(-2)?
2
Let m(y) = -y**3 + 7*y**2 - 3*y - 8. Let j be m(6). Suppose -k + 2*q + 2 + j = 0, -5*q - 51 = -4*k. What is the tens digit of k?
1
Suppose 6 = -4*k - 10. Let m be (18/(-4))/(3/k). What is the units digit of ((-3)/9)/((-2)/m)?
1
Let t(y) = y + 1. Let z(o) = 2*o + 3. Let w(v) = -7*t(v) + 3*z(v). Let h be w(-3). Suppose 2*s - h*s = -33. What is the tens digit of s?
1
Suppose 2*a = 4*a + t - 78, 3*a = -t + 119. What is the units digit of a?
1
Let v be 3 - 3 - (2 + -130). Suppose -x = -2, 18 = -4*f + 3*x + v. What is the tens digit of f?
2
Let w(v) = 2*v - 3. Let l be w(2). Let a be (l - 9/4)*44. Let s = -33 - a. What is the units digit of s?
2
Suppose -3*d + 26 = 2*t, -2*d + 5*t + 29 = 4*t. What is the units digit of d?
2
Suppose -5*o + 14 + 11 = 0. What is the units digit of (-2)/o - 1342/(-55)?
4
Suppose 4*z + 2*v = v + 19, -5*z + 24 = v. What is the units digit of z?
5
Let h(s) = s**2 + 3*s - 9. Let v be h(-7). Suppose c = -c + 5*t - 9, 2*c - 2*t + 6 = 0. What is the units digit of c/(-3) + v/3?
7
Let z be (8/(-12))/((-1)/6). Let x(y) = -y**3 + 5*y**2 + 3*y - 5. What is the units digit of x(z)?
3
Let l(q) = 2*q**2 - q + 2. Suppose -2*c = -5*x - 16 - 4, -3*x = -4*c + 26. Let t be l(x). Let d = t - 6. What is the units digit of d?
6
What is the tens digit of ((-4)/(-5))/((-2)/(-215))?
8
Suppose -r + d - 11 = -0*r, d - 27 = 3*r. Let v be (r/14)/((-4)/14). Suppose -v*b - 3*n + 41 = 0, -4*n + 98 = 5*b - n. What is the units digit of b?
9
Suppose 0 = -g - 4*l - 17 + 60, l - 172 = -4*g. What is the tens digit of g?
4
Let g(x) = -x**2 + 7*x. Suppose 0*m + 5*a + 31 = 3*m, -m - 23 = 5*a. Suppose -m*k + k = -5. What is the units digit of g(k)?
0
Let l(y) = y**3 - 3*y**2 - 2*y + 2. Let c be l(3). What is the tens digit of -1 - (-35 + 0/c)?
3
Suppose -5*h - 3*z + 1393 = 0, h + 5*z = -0*z + 261. What is the tens digit of h?
8
Let o = -7 + 5. Let q(x) = 2*x**2 + 1. What is the units digit of q(o)?
9
Suppose 5*b = 6 + 4. What is the units digit of (15/((-6)/b))/(-1)?
5
Suppose 5*c = f + 1061, c - 5*f = 215 - 22. What is the tens digit of c?
1
Let l(z) = z**3 + 9*z**2 - 5*z - 15. Let j(y) = y**3 + 9*y**2 - 6*y - 16. Let g(s) = -3*j(s) + 4*l(s). What is the units digit of g(-9)?
6
Let j(n) = n**3 + 4*n**2 - 4*n. Let u be j(-4). Let m = 22 - u. What is the units digit of m?
6
Suppose 0 = 3*x + d + 3 - 13, -5*x + 26 = 4*d. Let z = 19 + -13. What is the units digit of (z/9)/(x/21)?
7
What is the hundreds digit of (((-186)/12)/((-2)/(-36)))/(-1)?
2
Suppose 3*c - 6*z - 7 = -2*z, 3*c + z - 17 = 0. Suppose 3*t = -5*w + 38, 3*t + 32 = 5*t + c*w. What is the units digit of t?
6
Let t = -2 + 4. Suppose t*i - 6 = 2*k + 3*k, -5*k + 12 = 4*i. Suppose -6 = -4*s + m, s + 2*m + i = -0*s. What is the units digit of s?
1
Let z = 12 - 7. Let u(a) = a**2 - 2*a - 3. What is the tens digit of u(z)?
1
Let w(m) = -3*m - m + 0*m**2 - 7*m - m**3 + 13*m**2 + 7. What is the units digit of w(12)?
9
Let i(h) = -3*h**2 - 10*h - 8. Let b(c) = -4*c**2 - 11*c - 8. Let j(f) = 2*b(f) - 3*i(f). Suppose 45 = 3*q - 8*q. What is the tens digit of j(q)?
1
Let f(j) = j + 8. What is the units digit of f(-5)?
3
Let l(q) be the second derivative of -1/20*q**5 + 2*q + 1/6*q**3 + 0 + 3/4*q**4 - 5/2*q**2. What is the units digit of l(9)?
4
What is the tens digit of (4/6)/(1/90)?
6
Let g = 2 + -3. What is the units digit of (g + -1)*12/(-8)?
3
Suppose -2*b + 3*b - 23 = -q, -2*b + 102 = 4*q. What is the units digit of q?
8
Suppose 4*g - 21 + 1 = 0. Suppose 5*h = 3*u + 20, h = -2*u + g - 1. What is the units digit of -1 - (u + -2) - -1?
2
What is the tens digit of 326/10 - 3/5?
3
Suppose 5*w = -10 + 45. Suppose -20*f + 21*f - 5 = 0. Suppose f*l - w = 4*l. What is the units digit of l?
7
Let u be 2 - -3*(-4)/6. Suppose 4*x + 56 = -u*x. Let y = -10 - x. What is the units digit of y?
4
Suppose -21 = -2*i - 7. Suppose 0 = -i*f + 2*f + 50. What is the units digit of f/(3*(-3)/(-9))?
0
Let q(d) = -d**2 - d + 3. Let s be q(0). Suppose 0 = -4*y - 5*w + 407, -5*y + 520 = w + s*w. What is the units digit of y/16 - 2/(-8)?
7
Suppose -2*m - 5 = -13. Suppose -m*r + 54 = 2*s, -3*s + 2 + 2 = -r. What is the units digit of r?
1
Suppose q + 1 - 3 = 0. Suppose q*x + 5 = 77. What is the tens digit of x?
3
Suppose 7 = -l - 10. Let q = 29 + l. What is the tens digit of q?
1
Suppose 0 = -11*b + 9*b + 228. What is the 